{"id":25,"date":"2020-11-20T11:02:07","date_gmt":"2020-11-20T15:02:07","guid":{"rendered":"http:\/\/localhost\/revista\/?page_id=25"},"modified":"2025-12-09T15:09:53","modified_gmt":"2025-12-09T19:09:53","slug":"pagina1","status":"publish","type":"page","link":"https:\/\/elvitraldelaciencia.org\/revista\/pagina1\/","title":{"rendered":"\u00bfQui\u00e9nes somos?"},"content":{"rendered":"<p style=\"text-align: justify;\"><span style=\"font-family: verdana, geneva, sans-serif;\"><img loading=\"lazy\" decoding=\"async\" class=\"alignleft wp-image-911 size-full\" style=\"border-style: outset; border-width: 5px;\" src=\"https:\/\/elvitraldelaciencia.org\/revista\/\/\/wp-content\/uploads\/2021\/01\/vitral-3-1.jpg\" alt=\"\" width=\"313\" height=\"460\" srcset=\"https:\/\/elvitraldelaciencia.org\/revista\/wp-content\/uploads\/2021\/01\/vitral-3-1.jpg 313w, https:\/\/elvitraldelaciencia.org\/revista\/wp-content\/uploads\/2021\/01\/vitral-3-1-204x300.jpg 204w\" sizes=\"auto, (max-width: 313px) 100vw, 313px\" \/><span style=\"color: #800000; font-size: 18px;\">S<\/span>omos un grupo de investigadores venezolanos y venezolanas que hemos estado desarrollando nuestras actividades en la ciencia y en docencia, en diversas \u00e1reas del conocimiento en diferentes instituciones cient\u00edficas p\u00fablicas del pa\u00eds<\/span>, <span style=\"font-family: verdana, geneva, sans-serif;\">cuya experiencia adquirida por a\u00f1os, nos ha motivado a ejercer un papel de comunicadores de la ciencia, tecnolog\u00eda e innovaci\u00f3n para la poblaci\u00f3n venezolana, a trav\u00e9s del portal <span style=\"color: #800000;\"><strong><em>\u00abEl Vitral de la Ciencia\u00bb.<\/em><\/strong><\/span><\/span><\/p>\n<p style=\"text-align: justify;\"><span style=\"font-family: verdana, geneva, sans-serif;\">Este portal busca divulgar los conocimientos y saberes que surgen diariamente de una sociedad compleja pero sedienta del conocimiento para su bienestar com\u00fan. Todos los seres humanos tienden por naturaleza a<em><span style=\"color: #800000;\"> \u201cconocer\u201d<\/span> <\/em>dec\u00eda Arist\u00f3teles. El valor intr\u00ednseco del conocimiento, en su concepci\u00f3n del <span style=\"color: #800000;\"><em>\u201csaber\u201d<\/em><\/span>, su valor social, equivale a la satisfacci\u00f3n de cumplir con una necesidad inscrita en la propia naturaleza humana. Y Plat\u00f3n va m\u00e1s all\u00e1: <span style=\"color: #800000;\"><em>\u201cConocer para ser\u201d.\u00a0<\/em><\/span><\/span><\/p>\n<p style=\"text-align: justify;\"><span style=\"font-family: verdana, geneva, sans-serif;\">Consideramos que la divulgaci\u00f3n cient\u00edfica debe ser precisa, clara, oportuna, pero con un especial uso de un lenguaje gr\u00e1fico-textual que ayude a la comprensi\u00f3n de los fen\u00f3menos sociales y naturales por parte de las mayor\u00edas. Pensamos que el conocimiento no debe ser propiedad de una \u00e9lite, sino m\u00e1s bien debe tener un car\u00e1cter esencialmente democr\u00e1tico, y para ello, la comunicaci\u00f3n debe ser una de las herramientas que lo permita. Sin embargo, esta comunicaci\u00f3n debe ser lo m\u00e1s sencilla posible, pero sin perder la rigurosidad de la ciencia.\u00a0<\/span><\/p>\n<p style=\"text-align: justify;\"><span style=\"font-family: verdana, geneva, sans-serif;\">Con estas caracter\u00edsticas de la divulgaci\u00f3n que queremos realizar, estamos seguros y seguras, que nos ayudar\u00e1n a la divulgaci\u00f3n cient\u00edfica con una mayor penetraci\u00f3n en nuestra poblaci\u00f3n, y esto nos va permitir cumplir uno de los objetivos espec\u00edficos de la <strong>Ley del Plan de la Patria<\/strong> (Venezuela, 2019 &#8211; 2025) que llama a <\/span><em><span style=\"color: #800000; font-family: verdana, geneva, sans-serif;\">Impulsar la formaci\u00f3n para la ciencia, tecnolog\u00eda e innovaci\u00f3n, a trav\u00e9s de formas de organizaci\u00f3n y socializaci\u00f3n del conocimiento cient\u00edfico para la consolidaci\u00f3n de espacios de participaci\u00f3n colectiva. <\/span><\/em><span style=\"font-family: verdana, geneva, sans-serif;\">Sabemos que u<\/span><span style=\"font-family: verdana, geneva, sans-serif;\">n<span style=\"color: #000000;\">a sociedad con bajo nivel de desarrollo cient\u00edfico-tecnol\u00f3gico, se encuentra supeditada a una divisi\u00f3n internacional del trabajo ligada a una posici\u00f3n d\u00e9bil, debido a que son econom\u00edas mono-productoras de materia prima, lo que las hace un lugar fr\u00e1gil en el concierto de las naciones del mundo, y con econom\u00edas dependientes de otras econom\u00edas productoras de bienes con valor agregado. Por lo tanto, la formaci\u00f3n de nuestra gente, de nuestra juventud, es de larga data, pero es el \u00fanico camino que ayudar\u00e1 a<\/span><span style=\"color: #000000;\">l <\/span><span style=\"color: #000000;\">crecimiento cultural, espiritual y econ\u00f3mico de nuestra poblaci\u00f3n, no hay otro.<\/span><\/span><\/p>\n<p style=\"text-align: justify;\"><span style=\"font-family: verdana, geneva, sans-serif;\"><span style=\"color: #000000;\">Por otra parte, es importante se\u00f1alar que esta iniciativa no parte de cero. Varios de los y las integran<\/span>tes del comit\u00e9 editorial de la revista del INHRR <span style=\"color: #800000;\"><em><strong>\u00abLos Ojos de la Ciencia\u00bb<\/strong><\/em><\/span> decidieron a participar en este portal, no solamente en su permanente actualizaci\u00f3n de los hallazgos que se divulgar\u00e1n en el mismo, sino tambi\u00e9n el de realizar la nueva revista de divulgaci\u00f3n cient\u00edfica <span style=\"color: #800000;\"><em><strong>\u00abEl Vitral de la Ciencia\u00bb<\/strong><\/em><span style=\"color: #000000;\">,<\/span> <\/span>de car\u00e1cter no institucional,<span style=\"color: #800000;\"> <span style=\"color: #000000;\">la cual ser\u00e1 parte esencial del portal.<\/span> <span style=\"color: #000000;\">Con esta iniciativa, teniendo presente las caracter\u00edsticas editoriales previamente mencionadas, estamos seguros y seguras, que nuevamente entraremos a su casa como la luz que atraviesa el vitral difundi\u00e9ndola en diversos colores, dando as\u00ed una gama de luces en el entorno, como ya lo hicimos en la primera experiencia con <strong><span style=\"color: #800000;\"><em>\u00abLos Ojos de la Ciencia\u00bb.<\/em><\/span><\/strong><\/span><\/span><\/span><\/p>\n<p style=\"text-align: justify;\"><span style=\"font-family: verdana, geneva, sans-serif;\"><span style=\"color: #000000;\">Finalmente, queremos dejarles unos versos de Jos\u00e9 Mart\u00ed, que encierran parte de lo que pensamos ante la dram\u00e1tica realidad que vive nuestro pa\u00eds, asediado, pero con alta resistencia e insurgencia de nuestra gente, ante los embates de las grandes potencias que no nos permiten que construyamos nuestro futuro con soberan\u00eda y paz. As\u00ed como el ser humano requiere del pan para sobrevivir, tambi\u00e9n podemos expresar que<\/span> <span style=\"color: #800000;\"><em>no solo de pan vive el hombre&#8230;ni la mujer.<\/em><\/span><\/span><\/p>\n<p style=\"text-align: center;\"><span style=\"color: #800000;\"><em><span style=\"font-size: 18pt;\"><strong>\u201c<\/strong><\/span>Estos tiempos no son para acostarse con<\/em><\/span><br \/>\n<span style=\"color: #800000;\"><em>el pa\u00f1uelo en la cabeza, sino con las armas<\/em><\/span><br \/>\n<span style=\"color: #800000;\"><em>en la almohada, como los varones de Juan<\/em><\/span><br \/>\n<span style=\"color: #800000;\"><em>de Castellanos: las armas del juicio, que<\/em><\/span><br \/>\n<span style=\"color: #800000;\"><em>vencen a las otras. Trincheras de ideas<\/em><\/span><br \/>\n<span style=\"color: #800000;\"><em>valen m\u00e1s que trincheras de piedra<span style=\"font-size: 18pt;\"><strong>\u201d<\/strong><\/span><\/em><\/span><br \/>\n<strong>Jos\u00e9 Mart\u00ed<\/strong><\/p>\n<p>&nbsp;<\/p>\n<p style=\"text-align: center;\"><span style=\"color: #800000; font-size: 25px; font-family: verdana, geneva;\"><span style=\"color: #000000;\"><strong>Comit\u00e9 editorial<\/strong><\/span><strong>\u00a0<\/strong><\/span><\/p>\n<p><span style=\"font-family: verdana, geneva;\"><span style=\"color: #800000;\"><strong><img loading=\"lazy\" decoding=\"async\" class=\"alignleft wp-image-4586 size-full\" src=\"https:\/\/elvitraldelaciencia.org\/revista\/wp-content\/uploads\/2025\/12\/nosotros.jpeg\" alt=\"\" width=\"473\" height=\"691\" srcset=\"https:\/\/elvitraldelaciencia.org\/revista\/wp-content\/uploads\/2025\/12\/nosotros.jpeg 473w, https:\/\/elvitraldelaciencia.org\/revista\/wp-content\/uploads\/2025\/12\/nosotros-205x300.jpeg 205w\" sizes=\"auto, (max-width: 473px) 100vw, 473px\" \/>Dr. Miguel Alfonzo D\u00edaz:<\/strong><\/span> Profesor Titular Jubilado de la Facultad de Medicina (UCV). Bi\u00f3logo Celular (UCV), PhD en Inmunolog\u00eda (Instituto Pasteur, Par\u00eds).<\/span><\/p>\n<p><span style=\"font-family: verdana, geneva;\"><span style=\"color: #800000;\"><b>Dr.<\/b><\/span><strong><span style=\"color: #800000;\"> Carlos Aponte (\u2020):<\/span><\/strong> <strong>Miembro fundador,<\/strong> fue profesor de la UCAB. Director de Investigaci\u00f3n del INHRR. Lic. en Educaci\u00f3n (UCAB), PhD en Microbiolog\u00eda (Francia).<\/span><\/p>\n<p><span style=\"font-family: verdana, geneva;\"><strong><span style=\"color: #800000;\">Lic. Adriana Mart\u00ednez (\u2020)<\/span>:<\/strong> <strong>Miembro fundadora<\/strong>, fue Jefa del Dpto. de Biblioteca del INHRR. Lic. en Bibliotecolog\u00eda (UCV).<\/span><\/p>\n<p><span style=\"font-family: verdana, geneva;\"><span style=\"color: #800000;\"><strong>Dra. Estalina B\u00e1ez.<\/strong><\/span> Lic. Nutrici\u00f3n y Diet\u00e9tica (UCV). MSc Biolog\u00eda (IVIC). Doctora en Ciencias (Microbiolog\u00eda, IVIC). Investigadora Asociada (IVIC).<\/span><\/p>\n<p><span style=\"font-family: verdana, geneva;\"><span style=\"color: #800000;\"><strong>Dra. Alicia C\u00e1ceres:<\/strong><\/span> Profesora de la Facultad de Ciencias (UCV). Bi\u00f3loga (UCV), MSc en Ecolog\u00eda (IVIC). PhD en Bot\u00e1nica (UCV).<\/span><\/p>\n<p><span style=\"font-family: verdana, geneva;\"><span style=\"color: #800000;\"><b style=\"color: #800000;\">Dra. Mirian Carmona <\/b><span style=\"color: #800000;\"><b>Rodr\u00edguez<\/b><\/span><b style=\"color: #800000;\">:<\/b> <\/span>Directora Territorial de Postgrado (UNERG). Bi\u00f3loga y Educadora (UCV). MSc en Educaci\u00f3n Superior (UCV), PhD en Educaci\u00f3n (UCV).<\/span><\/p>\n<p>&nbsp;<\/p>\n<p><span style=\"font-family: verdana, geneva;\"><span style=\"color: #800000;\"><strong>Lic. Luis J. Feo:<\/strong><\/span> Jubilado UCV. Ex coordinador de la Unidad de Geoinform\u00e1tica del Instituto de Ciencias de La Tierra (Facultad de Ciencias, UCV) y ex profesor de la c\u00e1tedra de Inform\u00e1tica de la Licenciatura\u00a0 en Geoqu\u00edmica (UCV).\u00a0 Licenciado en Administraci\u00f3n menci\u00f3n Inform\u00e1tica (UNESR). Especialista en Linux\/WordPress\/Moodle.<\/span><\/p>\n<p><span style=\"font-family: verdana, geneva;\"><span style=\"color: #800000;\"><strong>Lic. Noel R\u00edos:\u00a0<\/strong><\/span>Lic. en Comunicaci\u00f3n Social (UCV). Investigador.\u00a0Maestrante en Instituto de Investigaciones de la Comunicaci\u00f3n (ININCO &#8211; UCV). Dise\u00f1ador Gr\u00e1fico. Especialista en dise\u00f1o editorial y medios digitales.<\/span><\/p>\n<p><span style=\"font-family: verdana, geneva;\"><strong><span style=\"color: #800000;\">Br. Miguel David Alfonzo M:<\/span><\/strong> Estudiante de Comunicaci\u00f3n Social (UCV) y de Cine (UNEARTE). Fot\u00f3grafo Amateur.<\/span><\/p>\n<p><span style=\"font-family: verdana, geneva;\"><strong><span style=\"color: #800000;\">Lic. Luisa Rodr\u00edguez Andarcia:<\/span><\/strong> Lic. en Educaci\u00f3n (LUZ). Lic. en Comunicaci\u00f3n Social (UCV). Magister en Gerencia de la Educaci\u00f3n, (LUZ).<\/span><\/p>\n<p><span style=\"font-family: verdana, geneva;\"><strong><span style=\"color: #800000;\">Lic. Irania Medina:<\/span><\/strong> Lic. en Comunicaci\u00f3n Social (UBV). Productora audiovisual (IVIC).\u00a0 Locutora (N\u00ba 55887). Diplomado en Periodismo Cient\u00edfico (MPPCyT).<\/span><\/p>\n<p><span style=\"font-family: verdana, geneva;\"><span style=\"color: #800000;\"><strong>Lic. Rogny Sotillo:<\/strong><\/span> Lic. en Artes, (UCV). Comunicador Visual (IVIC).\u00a0 Productor editorial. guionista, docente e historietista.<\/span><\/p>\n<p><span style=\"font-family: verdana, geneva;\"><span style=\"color: #800000;\"><strong>Lic. Johana L\u00f3pez:<\/strong><\/span> Licenciada en Artes Pl\u00e1sticas. Profesora de la UNEARTE.<br \/>\n<\/span><\/p>\n<p><span style=\"font-family: verdana, geneva;\"><span style=\"color: #800000;\"><strong>Dra. Dulce Marrufo:<\/strong><\/span> Doctora en historia. Coordinadora y fundadora de los Estudios de Postgrado en Historia (UCLA).<\/span><\/p>\n<p><span style=\"font-family: verdana, geneva;\"><strong><span style=\"color: #800000;\">Mikhael Lovera:<\/span><\/strong> Ilustrador, dise\u00f1ador gr\u00e1fico, productor de contenidos, historietista.<\/span><\/p>\n<p>&nbsp;<\/p>\n","protected":false},"excerpt":{"rendered":"<p>Somos un grupo de investigadores venezolanos y venezolanas que hemos estado desarrollando nuestras actividades en la ciencia y en docencia, en diversas \u00e1reas del conocimiento en diferentes instituciones cient\u00edficas p\u00fablicas&hellip; <\/p>\n","protected":false},"author":1,"featured_media":0,"parent":0,"menu_order":1,"comment_status":"closed","ping_status":"closed","template":"","meta":{"footnotes":""},"class_list":["post-25","page","type-page","status-publish","hentry"],"_links":{"self":[{"href":"https:\/\/elvitraldelaciencia.org\/revista\/wp-json\/wp\/v2\/pages\/25","targetHints":{"allow":["GET"]}}],"collection":[{"href":"https:\/\/elvitraldelaciencia.org\/revista\/wp-json\/wp\/v2\/pages"}],"about":[{"href":"https:\/\/elvitraldelaciencia.org\/revista\/wp-json\/wp\/v2\/types\/page"}],"author":[{"embeddable":true,"href":"https:\/\/elvitraldelaciencia.org\/revista\/wp-json\/wp\/v2\/users\/1"}],"replies":[{"embeddable":true,"href":"https:\/\/elvitraldelaciencia.org\/revista\/wp-json\/wp\/v2\/comments?post=25"}],"version-history":[{"count":0,"href":"https:\/\/elvitraldelaciencia.org\/revista\/wp-json\/wp\/v2\/pages\/25\/revisions"}],"wp:attachment":[{"href":"https:\/\/elvitraldelaciencia.org\/revista\/wp-json\/wp\/v2\/media?parent=25"}],"curies":[{"name":"wp","href":"https:\/\/api.w.org\/{rel}","templated":true}]}}